{"id":1081,"date":"2022-02-17T14:10:16","date_gmt":"2022-02-17T13:10:16","guid":{"rendered":"https:\/\/www.qevsolutions.be\/product\/etrel-inch-pro-7-4kw-22kw-32a\/"},"modified":"2022-10-12T16:46:48","modified_gmt":"2022-10-12T15:46:48","slug":"etrel-inch-pro-74-kw-22-kw-32-a","status":"publish","type":"product","link":"https:\/\/www.qevsolutions.be\/fr\/produit\/etrel-inch-pro-74-kw-22-kw-32-a\/","title":{"rendered":"Etrel Inch PRO 7,4 kW- 22 kW &#8211; 32 A"},"content":{"rendered":"<p>Cet Etrel Inch PRO est la borne de recharge id\u00e9ale pour votre entreprise, tout parking et m\u00eame \u00e0 domicile. Cette borne de recharge de qualit\u00e9 sup\u00e9rieure pr\u00e9sente plusieurs avantages.<\/p>\n<p>Elle est fabriqu\u00e9e dans un mat\u00e9riau robuste et durable.<\/p>\n<p>Cette borne de recharge dispose d&rsquo;une protection \u00e9lectrique int\u00e9gr\u00e9e.<\/p>\n<p>Cette borne de recharge intelligente g\u00e8re vos co\u00fbts et m\u00eame les revenus des tiers venant se recharger chez vous. Vous pouvez utiliser pour cela, nos cartes de facturation g\u00e9rant l&rsquo;ensemble du syst\u00e8me pour vous.<\/p>\n<p>Le chargeur est \u00e9quip\u00e9 d&rsquo;un connecteur int\u00e9gr\u00e9.<\/p>\n<p>Gr\u00e2ce \u00e0 un petit \u00e9cran LCD, vous pouvez v\u00e9rifier si le chargeur est en train de charger, quand, pendant combien de temps, etc&#8230;<\/p>\n<p>Ce chargeur est \u00e9quip\u00e9 d&rsquo;un interrupteur de fuite \u00e0 la terre int\u00e9gr\u00e9 de type A + un capteur de courant de d\u00e9faut CC 6MA.<\/p>\n<p>Vous pouvez placer ce chargeur sur votre mur mais aussi sur une base de montage dos \u00e0 dos afin de pouvoir charger 2 voitures en 1 point, l&rsquo;\u00e9l\u00e9ment parfait pour les parkings.<\/p>\n<p>Lorsque vous achetez cette borne de recharge, vous pouvez encore b\u00e9n\u00e9ficier d&rsquo;une belle subvention de notre gouvernement, rendez-vous sur la page des subventions de notre site.<\/p>\n","protected":false},"excerpt":{"rendered":"<p>Cet Etrel Inch PRO est la borne de recharge id\u00e9ale pour votre entreprise, tout parking et m\u00eame \u00e0 domicile. Cette borne de recharge de qualit\u00e9 sup\u00e9rieure pr\u00e9sente plusieurs avantages. Elle est fabriqu\u00e9e dans un mat\u00e9riau robuste et durable. Cette borne de recharge dispose d&rsquo;une protection \u00e9lectrique int\u00e9gr\u00e9e. Cette borne de recharge intelligente g\u00e8re vos co\u00fbts [&hellip;]<\/p>\n","protected":false},"featured_media":2881,"template":"","meta":[],"product_brand":[],"product_cat":[322],"product_tag":[],"class_list":{"0":"post-1081","1":"product","2":"type-product","3":"status-publish","4":"has-post-thumbnail","6":"product_cat-chargeurs-dentreprise","8":"first","9":"outofstock","10":"taxable","11":"shipping-taxable","12":"purchasable","13":"product-type-simple"},"yoast_head":"<!-- This site is optimized with the Yoast SEO plugin v27.3 - https:\/\/yoast.com\/product\/yoast-seo-wordpress\/ -->\n<title>Etrel Inch PRO 7,4 kW- 22 kW - 32 A - Q.Ev. Solutions and distributions<\/title>\n<meta name=\"robots\" content=\"index, follow, max-snippet:-1, max-image-preview:large, max-video-preview:-1\" \/>\n<link rel=\"canonical\" href=\"https:\/\/www.qevsolutions.be\/fr\/produit\/etrel-inch-pro-74-kw-22-kw-32-a\/\" \/>\n<meta property=\"og:locale\" content=\"fr_FR\" \/>\n<meta property=\"og:type\" content=\"article\" \/>\n<meta property=\"og:title\" content=\"Etrel Inch PRO 7,4 kW- 22 kW - 32 A - Q.Ev. Solutions and distributions\" \/>\n<meta property=\"og:description\" content=\"Cet Etrel Inch PRO est la borne de recharge id\u00e9ale pour votre entreprise, tout parking et m\u00eame \u00e0 domicile. Cette borne de recharge de qualit\u00e9 sup\u00e9rieure pr\u00e9sente plusieurs avantages. Elle est fabriqu\u00e9e dans un mat\u00e9riau robuste et durable. Cette borne de recharge dispose d&rsquo;une protection \u00e9lectrique int\u00e9gr\u00e9e. Cette borne de recharge intelligente g\u00e8re vos co\u00fbts [&hellip;]\" \/>\n<meta property=\"og:url\" content=\"https:\/\/www.qevsolutions.be\/fr\/produit\/etrel-inch-pro-74-kw-22-kw-32-a\/\" \/>\n<meta property=\"og:site_name\" content=\"Q.Ev. Solutions and distributions\" \/>\n<meta property=\"article:modified_time\" content=\"2022-10-12T15:46:48+00:00\" \/>\n<meta property=\"og:image\" content=\"https:\/\/www.qevsolutions.be\/wp-content\/uploads\/2023\/03\/foto-pro-wit-1.png\" \/>\n\t<meta property=\"og:image:width\" content=\"407\" \/>\n\t<meta property=\"og:image:height\" content=\"622\" \/>\n\t<meta property=\"og:image:type\" content=\"image\/png\" \/>\n<meta name=\"twitter:card\" content=\"summary_large_image\" \/>\n<meta name=\"twitter:label1\" content=\"Dur\u00e9e de lecture estim\u00e9e\" \/>\n\t<meta name=\"twitter:data1\" content=\"1 minute\" \/>\n<script type=\"application\/ld+json\" class=\"yoast-schema-graph\">{\"@context\":\"https:\\\/\\\/schema.org\",\"@graph\":[{\"@type\":\"WebPage\",\"@id\":\"https:\\\/\\\/www.qevsolutions.be\\\/fr\\\/produit\\\/etrel-inch-pro-74-kw-22-kw-32-a\\\/\",\"url\":\"https:\\\/\\\/www.qevsolutions.be\\\/fr\\\/produit\\\/etrel-inch-pro-74-kw-22-kw-32-a\\\/\",\"name\":\"Etrel Inch PRO 7,4 kW- 22 kW - 32 A - Q.Ev. Solutions and distributions\",\"isPartOf\":{\"@id\":\"https:\\\/\\\/www.qevsolutions.be\\\/fr\\\/#website\"},\"primaryImageOfPage\":{\"@id\":\"https:\\\/\\\/www.qevsolutions.be\\\/fr\\\/produit\\\/etrel-inch-pro-74-kw-22-kw-32-a\\\/#primaryimage\"},\"image\":{\"@id\":\"https:\\\/\\\/www.qevsolutions.be\\\/fr\\\/produit\\\/etrel-inch-pro-74-kw-22-kw-32-a\\\/#primaryimage\"},\"thumbnailUrl\":\"https:\\\/\\\/www.qevsolutions.be\\\/wp-content\\\/uploads\\\/2023\\\/03\\\/foto-pro-wit-1.png\",\"datePublished\":\"2022-02-17T13:10:16+00:00\",\"dateModified\":\"2022-10-12T15:46:48+00:00\",\"breadcrumb\":{\"@id\":\"https:\\\/\\\/www.qevsolutions.be\\\/fr\\\/produit\\\/etrel-inch-pro-74-kw-22-kw-32-a\\\/#breadcrumb\"},\"inLanguage\":\"fr-FR\",\"potentialAction\":[{\"@type\":\"ReadAction\",\"target\":[\"https:\\\/\\\/www.qevsolutions.be\\\/fr\\\/produit\\\/etrel-inch-pro-74-kw-22-kw-32-a\\\/\"]}]},{\"@type\":\"ImageObject\",\"inLanguage\":\"fr-FR\",\"@id\":\"https:\\\/\\\/www.qevsolutions.be\\\/fr\\\/produit\\\/etrel-inch-pro-74-kw-22-kw-32-a\\\/#primaryimage\",\"url\":\"https:\\\/\\\/www.qevsolutions.be\\\/wp-content\\\/uploads\\\/2023\\\/03\\\/foto-pro-wit-1.png\",\"contentUrl\":\"https:\\\/\\\/www.qevsolutions.be\\\/wp-content\\\/uploads\\\/2023\\\/03\\\/foto-pro-wit-1.png\",\"width\":407,\"height\":622},{\"@type\":\"BreadcrumbList\",\"@id\":\"https:\\\/\\\/www.qevsolutions.be\\\/fr\\\/produit\\\/etrel-inch-pro-74-kw-22-kw-32-a\\\/#breadcrumb\",\"itemListElement\":[{\"@type\":\"ListItem\",\"position\":1,\"name\":\"Home\",\"item\":\"https:\\\/\\\/www.qevsolutions.be\\\/fr\\\/\"},{\"@type\":\"ListItem\",\"position\":2,\"name\":\"Commandez vos bornes de recharge et accessoires en ligne\",\"item\":\"https:\\\/\\\/www.qevsolutions.be\\\/fr\\\/boutique\\\/\"},{\"@type\":\"ListItem\",\"position\":3,\"name\":\"Etrel Inch PRO 7,4 kW- 22 kW &#8211; 32 A\"}]},{\"@type\":\"WebSite\",\"@id\":\"https:\\\/\\\/www.qevsolutions.be\\\/fr\\\/#website\",\"url\":\"https:\\\/\\\/www.qevsolutions.be\\\/fr\\\/\",\"name\":\"Q.Ev. Solutions and distributions\",\"description\":\"\",\"potentialAction\":[{\"@type\":\"SearchAction\",\"target\":{\"@type\":\"EntryPoint\",\"urlTemplate\":\"https:\\\/\\\/www.qevsolutions.be\\\/fr\\\/?s={search_term_string}\"},\"query-input\":{\"@type\":\"PropertyValueSpecification\",\"valueRequired\":true,\"valueName\":\"search_term_string\"}}],\"inLanguage\":\"fr-FR\"}]}<\/script>\n<!-- \/ Yoast SEO plugin. -->","yoast_head_json":{"title":"Etrel Inch PRO 7,4 kW- 22 kW - 32 A - Q.Ev. Solutions and distributions","robots":{"index":"index","follow":"follow","max-snippet":"max-snippet:-1","max-image-preview":"max-image-preview:large","max-video-preview":"max-video-preview:-1"},"canonical":"https:\/\/www.qevsolutions.be\/fr\/produit\/etrel-inch-pro-74-kw-22-kw-32-a\/","og_locale":"fr_FR","og_type":"article","og_title":"Etrel Inch PRO 7,4 kW- 22 kW - 32 A - Q.Ev. Solutions and distributions","og_description":"Cet Etrel Inch PRO est la borne de recharge id\u00e9ale pour votre entreprise, tout parking et m\u00eame \u00e0 domicile. Cette borne de recharge de qualit\u00e9 sup\u00e9rieure pr\u00e9sente plusieurs avantages. Elle est fabriqu\u00e9e dans un mat\u00e9riau robuste et durable. Cette borne de recharge dispose d&rsquo;une protection \u00e9lectrique int\u00e9gr\u00e9e. Cette borne de recharge intelligente g\u00e8re vos co\u00fbts [&hellip;]","og_url":"https:\/\/www.qevsolutions.be\/fr\/produit\/etrel-inch-pro-74-kw-22-kw-32-a\/","og_site_name":"Q.Ev. Solutions and distributions","article_modified_time":"2022-10-12T15:46:48+00:00","og_image":[{"width":407,"height":622,"url":"https:\/\/www.qevsolutions.be\/wp-content\/uploads\/2023\/03\/foto-pro-wit-1.png","type":"image\/png"}],"twitter_card":"summary_large_image","twitter_misc":{"Dur\u00e9e de lecture estim\u00e9e":"1 minute"},"schema":{"@context":"https:\/\/schema.org","@graph":[{"@type":"WebPage","@id":"https:\/\/www.qevsolutions.be\/fr\/produit\/etrel-inch-pro-74-kw-22-kw-32-a\/","url":"https:\/\/www.qevsolutions.be\/fr\/produit\/etrel-inch-pro-74-kw-22-kw-32-a\/","name":"Etrel Inch PRO 7,4 kW- 22 kW - 32 A - Q.Ev. Solutions and distributions","isPartOf":{"@id":"https:\/\/www.qevsolutions.be\/fr\/#website"},"primaryImageOfPage":{"@id":"https:\/\/www.qevsolutions.be\/fr\/produit\/etrel-inch-pro-74-kw-22-kw-32-a\/#primaryimage"},"image":{"@id":"https:\/\/www.qevsolutions.be\/fr\/produit\/etrel-inch-pro-74-kw-22-kw-32-a\/#primaryimage"},"thumbnailUrl":"https:\/\/www.qevsolutions.be\/wp-content\/uploads\/2023\/03\/foto-pro-wit-1.png","datePublished":"2022-02-17T13:10:16+00:00","dateModified":"2022-10-12T15:46:48+00:00","breadcrumb":{"@id":"https:\/\/www.qevsolutions.be\/fr\/produit\/etrel-inch-pro-74-kw-22-kw-32-a\/#breadcrumb"},"inLanguage":"fr-FR","potentialAction":[{"@type":"ReadAction","target":["https:\/\/www.qevsolutions.be\/fr\/produit\/etrel-inch-pro-74-kw-22-kw-32-a\/"]}]},{"@type":"ImageObject","inLanguage":"fr-FR","@id":"https:\/\/www.qevsolutions.be\/fr\/produit\/etrel-inch-pro-74-kw-22-kw-32-a\/#primaryimage","url":"https:\/\/www.qevsolutions.be\/wp-content\/uploads\/2023\/03\/foto-pro-wit-1.png","contentUrl":"https:\/\/www.qevsolutions.be\/wp-content\/uploads\/2023\/03\/foto-pro-wit-1.png","width":407,"height":622},{"@type":"BreadcrumbList","@id":"https:\/\/www.qevsolutions.be\/fr\/produit\/etrel-inch-pro-74-kw-22-kw-32-a\/#breadcrumb","itemListElement":[{"@type":"ListItem","position":1,"name":"Home","item":"https:\/\/www.qevsolutions.be\/fr\/"},{"@type":"ListItem","position":2,"name":"Commandez vos bornes de recharge et accessoires en ligne","item":"https:\/\/www.qevsolutions.be\/fr\/boutique\/"},{"@type":"ListItem","position":3,"name":"Etrel Inch PRO 7,4 kW- 22 kW &#8211; 32 A"}]},{"@type":"WebSite","@id":"https:\/\/www.qevsolutions.be\/fr\/#website","url":"https:\/\/www.qevsolutions.be\/fr\/","name":"Q.Ev. Solutions and distributions","description":"","potentialAction":[{"@type":"SearchAction","target":{"@type":"EntryPoint","urlTemplate":"https:\/\/www.qevsolutions.be\/fr\/?s={search_term_string}"},"query-input":{"@type":"PropertyValueSpecification","valueRequired":true,"valueName":"search_term_string"}}],"inLanguage":"fr-FR"}]}},"_links":{"self":[{"href":"https:\/\/www.qevsolutions.be\/fr\/wp-json\/wp\/v2\/product\/1081","targetHints":{"allow":["GET"]}}],"collection":[{"href":"https:\/\/www.qevsolutions.be\/fr\/wp-json\/wp\/v2\/product"}],"about":[{"href":"https:\/\/www.qevsolutions.be\/fr\/wp-json\/wp\/v2\/types\/product"}],"wp:featuredmedia":[{"embeddable":true,"href":"https:\/\/www.qevsolutions.be\/fr\/wp-json\/wp\/v2\/media\/2881"}],"wp:attachment":[{"href":"https:\/\/www.qevsolutions.be\/fr\/wp-json\/wp\/v2\/media?parent=1081"}],"wp:term":[{"taxonomy":"product_brand","embeddable":true,"href":"https:\/\/www.qevsolutions.be\/fr\/wp-json\/wp\/v2\/product_brand?post=1081"},{"taxonomy":"product_cat","embeddable":true,"href":"https:\/\/www.qevsolutions.be\/fr\/wp-json\/wp\/v2\/product_cat?post=1081"},{"taxonomy":"product_tag","embeddable":true,"href":"https:\/\/www.qevsolutions.be\/fr\/wp-json\/wp\/v2\/product_tag?post=1081"}],"curies":[{"name":"wp","href":"https:\/\/api.w.org\/{rel}","templated":true}]}}

<p>Cet Etrel Inch PRO est la borne de recharge idéale pour votre entreprise, tout parking et même à domicile. Cette borne de recharge de qualité supérieure présente plusieurs avantages.</p>
<p>Elle est fabriquée dans un matériau robuste et durable.</p>
<p>Cette borne de recharge dispose d&rsquo;une protection électrique intégrée.</p>
<p>Cette borne de recharge intelligente gère vos coûts et même les revenus des tiers venant se recharger chez vous. Vous pouvez utiliser pour cela, nos cartes de facturation gérant l&rsquo;ensemble du système pour vous.</p>
<p>Le chargeur est équipé d&rsquo;un connecteur intégré.</p>
<p>Grâce à un petit écran LCD, vous pouvez vérifier si le chargeur est en train de charger, quand, pendant combien de temps, etc&#8230;</p>
<p>Ce chargeur est équipé d&rsquo;un interrupteur de fuite à la terre intégré de type A + un capteur de courant de défaut CC 6MA.</p>
<p>Vous pouvez placer ce chargeur sur votre mur mais aussi sur une base de montage dos à dos afin de pouvoir charger 2 voitures en 1 point, l&rsquo;élément parfait pour les parkings.</p>
<p>Lorsque vous achetez cette borne de recharge, vous pouvez encore bénéficier d&rsquo;une belle subvention de notre gouvernement, rendez-vous sur la page des subventions de notre site.</p>

<p>Cet Etrel Inch PRO est la borne de recharge idéale pour votre entreprise, tout parking et même à domicile. Cette borne de recharge de qualité supérieure présente plusieurs avantages. Elle est fabriquée dans un matériau robuste et durable. Cette borne de recharge dispose d&rsquo;une protection électrique intégrée. Cette borne de recharge intelligente gère vos coûts [&hellip;]</p>

<!-- This site is optimized with the Yoast SEO plugin v27.3 - https://yoast.com/product/yoast-seo-wordpress/ -->
<title>Etrel Inch PRO 7,4 kW- 22 kW - 32 A - Q.Ev. Solutions and distributions</title>
<meta name="robots" content="index, follow, max-snippet:-1, max-image-preview:large, max-video-preview:-1" />
<link rel="canonical" href="https://www.qevsolutions.be/fr/produit/etrel-inch-pro-74-kw-22-kw-32-a/" />
<meta property="og:locale" content="fr_FR" />
<meta property="og:type" content="article" />
<meta property="og:title" content="Etrel Inch PRO 7,4 kW- 22 kW - 32 A - Q.Ev. Solutions and distributions" />
<meta property="og:description" content="Cet Etrel Inch PRO est la borne de recharge idéale pour votre entreprise, tout parking et même à domicile. Cette borne de recharge de qualité supérieure présente plusieurs avantages. Elle est fabriquée dans un matériau robuste et durable. Cette borne de recharge dispose d&rsquo;une protection électrique intégrée. Cette borne de recharge intelligente gère vos coûts [&hellip;]" />
<meta property="og:url" content="https://www.qevsolutions.be/fr/produit/etrel-inch-pro-74-kw-22-kw-32-a/" />
<meta property="og:site_name" content="Q.Ev. Solutions and distributions" />
<meta property="article:modified_time" content="2022-10-12T15:46:48+00:00" />
<meta property="og:image" content="https://www.qevsolutions.be/wp-content/uploads/2023/03/foto-pro-wit-1.png" />
	<meta property="og:image:width" content="407" />
	<meta property="og:image:height" content="622" />
	<meta property="og:image:type" content="image/png" />
<meta name="twitter:card" content="summary_large_image" />
<meta name="twitter:label1" content="Durée de lecture estimée" />
	<meta name="twitter:data1" content="1 minute" />
<script type="application/ld+json" class="yoast-schema-graph">{"@context":"https:\/\/schema.org","@graph":[{"@type":"WebPage","@id":"https:\/\/www.qevsolutions.be\/fr\/produit\/etrel-inch-pro-74-kw-22-kw-32-a\/","url":"https:\/\/www.qevsolutions.be\/fr\/produit\/etrel-inch-pro-74-kw-22-kw-32-a\/","name":"Etrel Inch PRO 7,4 kW- 22 kW - 32 A - Q.Ev. Solutions and distributions","isPartOf":{"@id":"https:\/\/www.qevsolutions.be\/fr\/#website"},"primaryImageOfPage":{"@id":"https:\/\/www.qevsolutions.be\/fr\/produit\/etrel-inch-pro-74-kw-22-kw-32-a\/#primaryimage"},"image":{"@id":"https:\/\/www.qevsolutions.be\/fr\/produit\/etrel-inch-pro-74-kw-22-kw-32-a\/#primaryimage"},"thumbnailUrl":"https:\/\/www.qevsolutions.be\/wp-content\/uploads\/2023\/03\/foto-pro-wit-1.png","datePublished":"2022-02-17T13:10:16+00:00","dateModified":"2022-10-12T15:46:48+00:00","breadcrumb":{"@id":"https:\/\/www.qevsolutions.be\/fr\/produit\/etrel-inch-pro-74-kw-22-kw-32-a\/#breadcrumb"},"inLanguage":"fr-FR","potentialAction":[{"@type":"ReadAction","target":["https:\/\/www.qevsolutions.be\/fr\/produit\/etrel-inch-pro-74-kw-22-kw-32-a\/"]}]},{"@type":"ImageObject","inLanguage":"fr-FR","@id":"https:\/\/www.qevsolutions.be\/fr\/produit\/etrel-inch-pro-74-kw-22-kw-32-a\/#primaryimage","url":"https:\/\/www.qevsolutions.be\/wp-content\/uploads\/2023\/03\/foto-pro-wit-1.png","contentUrl":"https:\/\/www.qevsolutions.be\/wp-content\/uploads\/2023\/03\/foto-pro-wit-1.png","width":407,"height":622},{"@type":"BreadcrumbList","@id":"https:\/\/www.qevsolutions.be\/fr\/produit\/etrel-inch-pro-74-kw-22-kw-32-a\/#breadcrumb","itemListElement":[{"@type":"ListItem","position":1,"name":"Home","item":"https:\/\/www.qevsolutions.be\/fr\/"},{"@type":"ListItem","position":2,"name":"Commandez vos bornes de recharge et accessoires en ligne","item":"https:\/\/www.qevsolutions.be\/fr\/boutique\/"},{"@type":"ListItem","position":3,"name":"Etrel Inch PRO 7,4 kW- 22 kW &#8211; 32 A"}]},{"@type":"WebSite","@id":"https:\/\/www.qevsolutions.be\/fr\/#website","url":"https:\/\/www.qevsolutions.be\/fr\/","name":"Q.Ev. Solutions and distributions","description":"","potentialAction":[{"@type":"SearchAction","target":{"@type":"EntryPoint","urlTemplate":"https:\/\/www.qevsolutions.be\/fr\/?s={search_term_string}"},"query-input":{"@type":"PropertyValueSpecification","valueRequired":true,"valueName":"search_term_string"}}],"inLanguage":"fr-FR"}]}</script>
<!-- / Yoast SEO plugin. -->

Cet Etrel Inch PRO est la borne de recharge idéale pour votre entreprise, tout parking et même à domicile. Cette borne de recharge de qualité supérieure présente plusieurs avantages. Elle est fabriquée dans un matériau robuste et durable. Cette borne de recharge dispose d&rsquo;une protection électrique intégrée. Cette borne de recharge intelligente gère vos coûts [&hellip;]
